(2 - 22) + (3 - 0) - 6.
-9
Evaluate (1 - 1 - -10) + 79 + 0 + -73.
16
Evaluate -15 + 0 + (34 - 26) + 8.
1
Evaluate (1 - -3) + -32 + (-11 - (-8 - 11)).
-20
What is the value of (0 - -7) + -10 + (14 - (-16 + 43))?
-16
Evaluate 9 - ((-3 - 2 - -9) + 16 + 3).
-14
What is (-4 - -1) + (24 - (8 + (6 - 5)))?
12
What is -1 + -32 + (14 - (5 + -1))?
-23
-13 - -24 - 13 - 9
-11
What is the value of 6 - (-12 - 7 - -9) - 2?
14
Evaluate -1 - (-65 - -44 - ((3 - 10) + 0)).
13
Evaluate (0 - -3) + 6 + 71 + -70.
10
(13 - 16) + 11 - (-2 - -9)
1
Calculate -8 + (-10 - -11) + (0 - (2 + -7)).
-2
Calculate 23 - (-16 + 39 + -17).
17
What is the value of -42 + 41 + -1 + 0 - -24?
22
Calculate 19 - -7 - (-63 + 82).
7
What is -23 + 2 - (-347 - -327)?
-1
(-6 + 1 - 3 - 4) + 4 + 10
2
What is the value of 1 + -21 + (-21 + (-7 - -13) - -12)?
-23
What is 3 - -16 - (-5 - (3 + -4 + 0))?
23
Evaluate -8 - 0 - (17 + -23).
-2
(23 - 6) + -12 + 6 + -4
7
What is 9 + 20 + -49 + -7?
-27
What is 30 + (0 + 4 - 48)?
-14
Calculate 1 + (4 - 10 - (5 + -10)) + 8.
8
Evaluate -16 - -2 - (155 + -174).
5
What is the value of -25 + 72 - 21 - 4?
22
Calculate (-22 - -1) + (-15 + 32 + -2 - 6).
-12
What is (14 - 11) + 4 + (-2 - -2)?
7
What is (7 + 10 + -10 - -11) + (-7 - -4)?
15
Evaluate 14 - 25 - 15 - (-31 + 17).
-12
2 - 3 - (0 + 9)
-10
Evaluate -1 + 9 + (13 - 9).
12
Calculate -2 + -3 + (-15 - (-8 + -5)).
-7
What is the value of 18 - 22 - (5 + -1)?
-8
Evaluate (-4 - 9) + 9 + -4 - -10.
2
What is -11 + 9 + -11 + 10?
-3
What is the value of (5 - -1) + 33 + -28?
11
Evaluate -21 + 21 - (8 - 1).
-7
(42 - 45) + -22 + 27
2
-11 + 19 - (11 - (0 + 15))
12
What is the value of (-8 + 0 - (62 + -41 - 18)) + 38?
27
Calculate 0 + -7 - (-14 - (-101 + 53)).
-41
-14 + (9 - (11 + -4 + -5))
-7
What is (-3 - -25) + -3 - (-1 - (-4 + -1))?
15
Calculate -15 + 4 + -21 - -20.
-12
Calculate -116 + 118 - (9 + -2 - -4).
-9
What is 16 + (-1 - 12) - -5?
8
What is -65 + 20 + (43 - 36)?
-38
What is the value of (-65 - -72) + -10 + 0 - -8?
5
Calculate 3 - (2 + (-10 - -6)) - -5.
10
Evaluate -1 + 5 - (7 + -28).
25
Calculate 2 + 31 + 3 + 19 + (-42 - -23).
36
Evaluate -5 - -5 - (-2 + 2 - 1).
1
What is 7 + ((3 - 13) + (-30 - -31) - -11)?
9
Calculate (48 - 43) + -4 + 1 + 4 - 7.
-1
-160 + 143 - (-9 - 2)
-6
What is the value of (91 - 102) + (0 - 0)?
-11
(0 - -2 - 2) + -1 - (43 + -47)
3
Evaluate (38 - 18 - -5) + -12.
13
(-7 - (36 - 39)) + -2
-6
Calculate (0 - (5 + (9 - 24))) + -14.
-4
What is the value of 2 - (-8 + -5 - -16)?
-1
Evaluate 10 + -11 + (2 - 3) - -12.
10
Evaluate 1977 - 1970 - (34 + 0).
-27
Calculate (-17 + 1 - -23) + 11.
18
What is -12 + 4 + (11 - (-4 - -10))?
-3
Calculate 19 - (16 - 8) - 20 - (1 + -2).
-8
What is the value of (7 - (-4 + 11)) + -9?
-9
What is the value of (45 + -35 - (1 - -30)) + -1 + 1?
-21
478 - 476 - (4 - 1 - (-3 + 1))
-3
What is the value of (-10 - (3 - 3)) + -105 + 106?
-9
-17 - (-8 - (-8 + 5 + -2))
-14
What is the value of -14 + 6 + (13 + -10 - -13)?
8
41 + (5 - 76) - -63
33
What is -7 + (10 - -3 - 11)?
-5
-33 + 31 + 24 - 29
-7
Calculate -3 - 14 - (28 + -53).
8
What is 0 - (-3 - -2) - ((9 - 46) + 24)?
14
What is the value of 10 + 0 + -1 + 0 + -2?
7
Evaluate 10 + -5 - (4 + -2) - (-2 - 3).
8
Evaluate 7 + (0 - -6) + -2 + -3 + 6.
14
-6 - (-1 - -1) - (-2 + 3)
-7
What is 2 + 26 - (751 + -723)?
0
What is 15 + -1 + -26 - -21?
9
What is 83 + -76 + (16 - (-4 + -1 - -3))?
25
Calculate -17 - (-4 - -13 - 18).
-8
What is (21 - -22) + -12 - 21?
10
What is (-5 - 0) + -1 - (-34 + 20)?
8
What is the value of 17 + (22 - -10) - 24?
25
What is the value of -569 + 561 - (14 - (2 + -3))?
-23
What is -1 + (-4 - -9) + -1 + -8?
-5
What is -5 + (17 - 11) - (2 - -10)?
-11
0 - (5 - -2 - (30 - 28))
-5
Calculate (-12 - (-8 - 10)) + -15.
-9
What is (-10 + 3 - -8) + 0 + -8?
-7
What is the value of -10 + -2 - -3 - (-21 - 3)?
15
Calculate 100 - 80 - (-12 + -2).
34
(13 - 31) + 6 + 16 - (-4 + 0)
8
What is the value of 110 + -130 + 8 + 2?
-10
Calculate -12 + -14 + -27 + 42.
-11
Evaluate -1 - 1 - (-4 - (-1 + -12)) - -30.
19
What is the value of 11 + -2 - (-58 + 74)?
-7
What is the value of (-1 - 1 - 0) + -3?
-5
What is the value of 4 + -1 + (1 - (9 + -12))?
7
What is -7 - (12 - 3 - 3 - (-2 + 5))?
-10
What is the value of 40 + 32 + (-40 - 46)?
-14
Evaluate (8 - -1) + -5 - (9 + -2).
-3
Evaluate 4 - (-23 - 0 - -16 - (-5 + 1)).
7
What is the value of 24 + -41 + -17 + 21?
-13
Evaluate 49 + -33 - 44 - -55.
27
Evaluate (1161 - 1160) + (-5 - -1 - 1).
-4
What is (1 - 8 - -8 - -11) + -20?
-8
39 + -63 + 38 + 2 + (0 - 7)
9
What is 27 - 1 - (189 + -162)?
-1
What is the value of 14 + 27 + -27 + -2 + -2 + -1?
9
Calculate 20 + -7 + 12 + -8 - 7.
10
Calculate 7 - 1 - (-12 - (0 + -18)).
0
What is the value of (-5 - 1) + (8 - 12 - (0 + -15))?
5
Evaluate -15 + (-3 - -7) + 3 - 1.
-9
Calculate 9 + -8 + 3 + 18 + 2 - 11.
13
What is the value of -5 + (-3 - -20) - -6?
18
Evaluate -31 + (-10 - (-8 - 5)) - (-4 + 3).
-27
-4 - (22 - 2 - (15 + -11)) - -5
-15
What is -3 - 2 - (1 + 3) - 6?
-15
22 + (0 - 12) + 7 - 33
-16
What is 15 + ((-10 - -4) + 6 - -17)?
32
What is -4 + 2 + (13 + -7 - -9)?
13
What is (22 - 64) + 51 + -12?
-3
-45 + 41 + (-4 - (3 - 0)) + -7
-18
Calculate 8 - (-7 + (2 - 7 - -23)).
-3
Calculate -4 + 2 + 2 - 4 - (-7 + -2).
5
Calculate -1 - ((-9 - -14) + -18).
12
What is the value of -75 + 113 + (-83 - -14)?
-31
36 + -19 + -10 + -2 + -2
3
-1 + (6 - 1) + -4 + 14 + -6
8
Calculate (-62 - -10) + 0 + 29.
-23
What is the value of (6 - (21 - 22)) + -10?
-3
What is 4 + -4 - (-7 - (-4 + -5 + 10))?
8
Calculate (-4 - -8) + (-40 - -4) - -8 - 7.
-31
Evaluate -19 + 22 + -1 - 32.
-30
Evaluate -17 - -6 - -8 - 6.
-9
Evaluate (3 - (5 - (5 - 8))) + 0.
-5
Evaluate 56 + -44 - (2 - (-2 - 1) - 3).
10
Calculate -7 + -4 + 15 + -3 + 1 - -2.
4
What is the value of (48 - 10 - 16) + -39?
-17
Calculate -13 - (-8 + 18 + -24).
1
What is -6 + -14 + 30 - (18 - -4)?
-12
8 + -2 - -4 - 4 - (48 + -53)
11
Evaluate -6 + (-1 - -31 - -3) + -70 + 66.
23
Evaluate -2 + 9 - (6 + -1 - (4 - 4)).
2
Calculate -10 + -1 - (-15 + -16 + (-21 - -51)).
-10
Evaluate -9 - -54 - (1 - -26).
18
What is the value of 15 + 9 + (-19 - -2)?
7
-61 + 0 - -27 - -23
-11
2 + (-2 + -9 + 1 - -5)
-3
Calculate -11 + (-9 - (-39 + 10)).
9
Evaluate (-20 - -1 - 0) + (-246 - -268).
3
Evaluate (12 - -9) + -3 - 9.
9
What is the value of -3 + 51 + (-83 + 35 - -40)?
40
Evaluate -3 + (-3 - ((14 - 9) + -27)).
16
Calculate 37 - (37 + (-5 - 12)).
17
Calculate (44 - 28) + (-4 + 7 - -4) + -15.
8
Calculate (-21 - 5) + -2 + (7 - (1 + -1)).
-21
What is (12 + 6 + (-6 - 3) - 21) + 35?
23
What is (-3 + 2 - -2) + -7 + 25 + -12?
7
-4 + -3 + 1 + 8 - 2
0
What is the value of -5 + (-15 - (-2 - 9)) + 11?
2
What is the value of (10 - (2 + -10 - -24)) + 19?
13
14 + -13 + 8 - -6 - 2
13
What is the value of 28 - ((-56 - -74) + (-7 - 0))?
17
Calculate (-9 - (-5 + (-10 - -11))) + -7.
-12
Evaluate 2 + -21 - (-5 + -3 + 24 + -10).
-25
Evaluate 11 + (14 - 30 - -11) - 7.
-1
What is 12 - (18 - 3 - -12)?
-15
Calculate 4 + -26 + 15 + 17.
10
0 + 1 + -9 + (-106 - -107) - 2
-9
What is (-29 - (26 + -53)) + (0 - 1 - 1)?
-4
-1 + -2 + (21 - (10 - 5) - 9)
4
What is -1 - -15 - 2 - 4?
8
Evaluate 11 + (-11 + 27 - 14) + (-1 - 0).
12
8 + 5 + 1 + -5 + 0
9
Evaluate (4 - -7) + -5 + -1 + 1 + -3.
3
Evaluate (-1 - (-21 - 3) - 7) + -8 + -24.
-16
Calculate 16 + (27 + -14 - (-2 + 9) - 2).
20
What is 67 - 67 - (2 + (-12 - -1))?
9
3 - (3 - (0 - (-1 + -3)))
4
What is (-5 + (-4 - (2 + -6)) - 0) + 0?
-5
What is the value of (4 - 3) + 12 + -13 - 11?
-11
Evaluate -50 + 41 + 18 - 44.
-35
Evaluate (-1 - (-3 - 1)) + (-9 - (-9 - 9)).
12
Calculate 23 + -16 + -19 - -12.
0
Calculate -9 + 16 + (4 - (4 - -22)).
-15
Evaluate -13 - (-10 - 9 - (2 - 7)).
1
-13 - (31 + -28 + (-4 - -2) + -2)
-12
What is the value of -156 + 159 + (-3 - -1) + 5?
6
What is -1 + (9 - (6 + -5)) + -24?
-17
(-9 - (23 - (0 + -4 + 6))) + 5
-25
Evaluate -3 - 18 - (23 - 36) - -10.
2
What is the value of 79 + -71 - (-4 + -2) - 20?
-6
Evaluate (17 - 5 - 1 - 4) + -20.
-13
8 + (-13 - 2 - (21 - 20))
-8
Evaluate -10 + 2 - ((-45 - -26) + 6).
5
Calculate 25 + 19 + -37 + 0.
7
7 + -6 - ((2 - (3 - 4)) + -1)
-1
Calculate -6 - (-6 + (0 + (-3 - -6) - 3)).
0
What is the value of (5 - 2) + 3 + (-3 - 0)?
3
Calculate 11 + -15 - 2 - -12.
6
(-12 - -8) + (-2 + 7 - 6) + 8
3
W